the highest common divisor of k and i.
4
Let o = -321 + 587. Suppose -4*s - 3*r - o = -9*s, s - 58 = -r. Calculate the highest common factor of s and 5.
5
Suppose 2*k + 103 = -17. Let q = k - -68. What is the greatest common divisor of 20 and q?
4
Let z be (-244)/(-427) - (-440)/14. Calculate the greatest common divisor of z and 16.
16
Suppose -4*i = 4*k - 2*i - 900, -4*i - 440 = -2*k. What is the highest common divisor of 70 and k?
14
Suppose x = 4*i + 34 + 7, 0 = -i - 5. Suppose 0*g = -g + 14. Calculate the greatest common divisor of x and g.
7
Let i be ((-427)/14)/(1/(-2)). Calculate the greatest common divisor of 610 and i.
61
Let j(w) = w**3 + 21*w**2 - w - 21. Let z be j(-21). Suppose 0*i - i + 2 = z. Suppose -6 + 1 = -5*a. Calculate the highest common divisor of i and a.
1
Suppose 4*h + 21*z = 18*z + 106, 0 = 3*h + z - 82. Let n = 3 + -1. Calculate the greatest common factor of h and n.
2
Suppose -257 = -4*j + 5*c - 6*c, -3*c - 300 = -5*j. Suppose 3*p + b - 754 = 0, -b = -4*p - 0*b + 1010. Calculate the greatest common divisor of j and p.
63
Let s be (-2)/52*-542 + (-18)/(-117). What is the greatest common factor of s and 357?
21
Suppose 5*d - 258 = j, -5*d + 56*j + 290 = 51*j. Suppose -4*g = -2*y - 16 - 20, -4*g = 3*y - 46. What is the greatest common divisor of d and g?
10
Let z(b) = -46*b + 255. Let d be z(5). What is the highest common factor of 260 and d?
5
Suppose -3972*k = -3975*k + 36. Suppose u - 2*i = 40, i - 88 = -2*u + 3*i. Calculate the highest common divisor of u and k.
12
Let y be 144 + 150 + (0 - -3). Calculate the greatest common divisor of 44 and y.
11
Suppose -2 = d - 5. Suppose -d*g + 0*g + 39 = 0. Suppose 0*n - 5*u + 24 = 3*n, 2*u + 71 = 5*n. Calculate the greatest common divisor of g and n.
13
Let x(v) = v - 2. Let s be x(-3). Let z be (-3 + -9 + -1)*s. Suppose -i + z = -39. Calculate the greatest common factor of 13 and i.
13
Suppose 2*b = 7*b + r - 2, 3*r + 4 = -5*b. What is the greatest common divisor of b and 7?
1
Let v(o) = -3*o - 15. Let u be v(-12). Calculate the highest common divisor of 35 and u.
7
Let m(u) = -u**3 + 7*u**2 - 4*u - 5. Let v be m(5). Let f = -297 - -307. Calculate the highest common divisor of f and v.
5
Suppose -61 = -2*u + 3*g + 2*g, -4*g - 4 = 0. Suppose -3*p - u = -10*p. Calculate the highest common factor of p and 20.
4
Let o(j) = -34*j - 534. Let h be o(-16). Let i = -8 + 13. Calculate the highest common divisor of i and h.
5
Suppose 3*w = w - u + 57, 0 = -4*w - 5*u + 129. Let r(t) = -2*t + 17. Let c be r(2). Calculate the highest common divisor of w and c.
13
Let w(x) = 6*x**2 - 27*x + 94. Let o be w(3). What is the highest common factor of o and 2747?
67
Let u = -2125 + 2449. Calculate the highest common factor of 288 and u.
36
Let v = 181 + -90. Let k = 58 + -45. What is the greatest common factor of k and v?
13
Let t = 0 + -40. Let r be (-2)/((-4)/t*4). Let w = 0 - r. What is the greatest common divisor of 35 and w?
5
Let l = 24 - 14. Let y = 0 - -4. Let j be 0 + 0/y - -2. What is the highest common factor of j and l?
2
Suppose -3*f + 33 + 21 = 0. Suppose 0 = 3*o + 12, -35 = -2*q + 5*o + 9. Calculate the highest common divisor of q and f.
6
Let k(n) = -29*n - 251. Let t be k(-10). What is the greatest common factor of 9 and t?
3
Suppose 4*o = -3*b + 240, -4*o + 0*b + 240 = 5*b. Suppose -27*p = -31*p + 80. Calculate the greatest common factor of o and p.
20
Suppose -11*x + 580 = -135. What is the highest common divisor of x and 143?
13
Suppose -116*c = -108*c - 88. Calculate the greatest common factor of c and 2651.
11
Let s be 2/3 - 70/(-3). Let u be (-16)/6*(2 + 1). Let g = u + 44. Calculate the highest common factor of s and g.
12
Let l(k) = -29*k - 2. Let s be l(-5). Let d be (-72)/(-5) - (-6)/(-15). Let c = 27 - d. What is the highest common factor of s and c?
13
Let u(z) = -154*z - 79*z - 9*z - 63*z - 2. Let b be u(-1). Suppose -7*d + b = -145. What is the greatest common factor of d and 8?
8
Let v be 131/(-19) - -7 - 11852/(-38). What is the highest common factor of 26 and v?
26
Let o = -79 + 211. Suppose -3*p = -4*p + o. Suppose 20 = 2*d - 4. What is the highest common divisor of d and p?
12
Suppose -26 = -u + 5*h, 6 = -3*h - 6. Suppose -15 = 2*z - 7*z. Suppose -3*y - 5*j = -z*j - 34, y = 2*j + u. What is the greatest common divisor of 2 and y?
2
Let c(s) = -s**2 + 7*s + 1. Let u be c(6). Let w(q) = 22*q + 2. Let f be w(u). Let g = -14 - -53. What is the greatest common factor of f and g?
39
Suppose -2*t + 350 = 12*t. Suppose -232 = 3*g + 299. Let r be -1 - (g + (-2 - -3)). What is the highest common divisor of r and t?
25
Let h = -559 - -1469. What is the highest common divisor of h and 280?
70
Let b be (-1)/(-5) - 133/(-35). Suppose y + b*y = 0. Suppose y = 2*g - 3*g + 110. Calculate the greatest common divisor of g and 10.
10
Suppose 9*q - 1097 = 901. Calculate the greatest common factor of q and 185.
37
Let f(b) = -9*b - 2. Let g be f(-1). Calculate the highest common divisor of g and 63.
7
Let o be -13 - 1 - 4/2. Let z be (-5)/(-20) - 268/o. Calculate the greatest common divisor of z and 34.
17
Let y = -404 + 572. Calculate the greatest common factor of 63 and y.
21
Let k = 70 - 52. Let g = 14 + k. Calculate the highest common divisor of g and 8.
8
Let b(g) = g**3 + 5*g**2 - 12*g - 59. Let d be b(-4). What is the highest common factor of 1 and d?
1
Suppose 105*s = 149*s - 8228. What is the highest common divisor of s and 121?
11
Let c(x) be the first derivative of -x**4/4 + 11*x**2/2 + 10*x + 14. Let w be c(-4). Calculate the greatest common factor of 10 and w.
10
Let j(h) = h**2 - 5*h + 13. Let w = -5 + 10. Let i be j(w). What is the highest common factor of 65 and i?
13
Let m = 201 - 124. Calculate the highest common divisor of 22 and m.
11
Let u be (-635)/(-15) - 1/3. What is the greatest common divisor of 168 and u?
42
Let w(p) = 21*p - 242. Let n be w(12). Let r = -12 + 52. What is the highest common divisor of r and n?
10
Let u = -83 + 117. Calculate the greatest common divisor of 442 and u.
34
Suppose -2*v - 110 = -7*v. Let z(r) = -r**3 + 4*r**2 - 2*r - 2. Let j be z(2). Suppose -88 = -2*f - j*f. What is the greatest common factor of f and v?
22
Suppose 3*l - 76 = l - 4*f, 4*l - 185 = 3*f. Suppose 4*a = 176 - l. Suppose -g + 14 = -x + a, -13 = -x - g. What is the greatest common factor of 2 and x?
2
Suppose 3*n - 31 = 131. Let h be 1/(105/n + -2). Let j = 29 + h. Calculate the highest common divisor of 99 and j.
11
Let f(z) = -z**3 - 13*z**2 - 11*z + 12. Let j be (-70)/6 + 9/(-27). Let c be f(j). Let y be (3 - c) + 1/(-1). Calculate the greatest common factor of y and 2.
2
Let a(s) = -4*s**3 + 2*s**2 + 8*s + 7. Let p be a(-3). Let n = p + 157. What is the highest common divisor of n and 38?
38
Let q = -2 + 0. Let s be ((-11)/q)/(5/50). Suppose -y - 94 = -6*y + 2*x, 0 = -2*y - 5*x + s. Calculate the greatest common factor of y and 220.
20
Let x be 6/(-4)*(3 - 1). Let y(z) = z**3 + 5*z**2 + 3*z - 2. Let a be y(x). Let r(p) = 3*p - 4. Let c be r(a). What is the highest common divisor of 17 and c?
17
Let c be ((-10)/4)/((-15)/12). Let k be (-3)/(c + 79/(-38)). What is the highest common divisor of 95 and k?
19
Suppose 2*k + 0*k - 3*a = 26, 0 = -3*k + 5*a + 41. What is the greatest common factor of k and 210?
7
Let l = 44 + 16. Let f(n) = n**3 + n**2 - 4*n - 4. Let b be f(3). What is the greatest common factor of l and b?
20
Let l be 6/(-21) + 1388/7. Calculate the greatest common factor of 693 and l.
99
Suppose 5*f - 70 = -5*s, -2*s + 3*f = 2*s - 77. Let g = s + -2. Suppose -4*p = 2*x - 178, 3*p - x - 138 = 2*x. What is the highest common factor of p and g?
15
Suppose -3*i - 12 = -3*a + 6, 0 = -4*a + i + 36. Let w = 18 + a. What is the greatest common divisor of w and 308?
28
Let q be (-166)/1743 + 506/21. Calculate the greatest common divisor of q and 2472.
24
Let y be 6/(-10) + (-17)/(85/(-18)). What is the highest common divisor of y and 16?
1
Let q = 85 - -131. Let f be (4/(-1))/(2/(-12)). What is the highest common factor of f and q?
24
Let i be (-2)/(4*3/6). Let a be 7/(14/20) + i. Let g(h) = -27*h - 132. Let t be g(-5). Calculate the greatest common factor of a and t.
3
Suppose -4*r = -5*r - 3*u - 9, -3*u = -r + 15. Suppose -r*y = l - 50 - 5, -2*y = -2*l